the prime factors of g?
2, 3, 11
Suppose -17*t + 16*t = 3*u - 2264, 2*u + 4496 = 2*t. List the prime factors of t.
2, 563
Let u(j) = 5*j - 40. Let i be u(11). Suppose 10*t - i*t + 1790 = 0. What are the prime factors of t?
2, 179
Suppose 7*k - 6*k - 3*n = 52093, 8*k - 416664 = 4*n. List the prime factors of k.
52081
Let m(x) = -92*x + 5. Let s be m(-7). Let b = -1084 + 677. Let v = s + b. What are the prime factors of v?
2, 11
Let l be (544/(-238))/(1/(-7)). Suppose -l*c - 784 = -65*c. List the prime factors of c.
2
Let o = 28 - 26. Let g(k) = -2*k + 3*k - 225*k**2 + 257*k**o. What are the prime factors of g(1)?
3, 11
Suppose 9*b = -31*b + 40560. List the prime factors of b.
2, 3, 13
Let n(k) = k**2 + 4*k + 6. Let j be n(-4). Suppose -j*z + 10*z = 0. Suppose 3*u + 2 - 50 = z. List the prime factors of u.
2
Suppose -2*f = 3*k + 1, -4*f + 4 = k - 9. Let h be 176/(-24)*k/2. Suppose 0 = h*z - 455 - 876. What are the prime factors of z?
11
Suppose 2*i - 25326 = -2*d + 16142, 2*d = -8*i + 165866. What are the prime factors of i?
3, 6911
Let i be -3 - 11/(-3) - 48/(-9). Let t = 73 - i. What are the prime factors of t?
67
Suppose 5*h - 4*g + 8 = 0, -5*h - 2*g - 11 = 15. List the prime factors of (8/(-5))/(h - (-5817)/1455).
2, 97
Suppose -223*g = -d - 224*g + 7962, -31846 = -4*d - 2*g. What are the prime factors of d?
19, 419
Suppose 143*v + 23469 = 144*v - c, -5*v = 4*c - 117309. List the prime factors of v.
5, 13, 19
Let o be 4/(-24) + -5 + (-8771)/6. What are the prime factors of (-1)/(o/(-2946) - (-8)/(-16))?
491
Suppose 0 = -6*o - 6*o + 6948. Suppose 13*c - 1892 + o = 0. Let a = c + 17. What are the prime factors of a?
2, 59
Suppose 2*f + 3*l = 20, l + 4 = 4*f - 8. Let s be -3*(f - (6 - 1)). Suppose 0 = -4*z - z + 4*c + 390, -s*z + 234 = 4*c. What are the prime factors of z?
2, 3, 13
Suppose -5*w - 153 + 1263 = 0. Let m(o) = -o**3 - 4*o**2 + 3*o - 5. Let x be m(-7). Let u = w - x. What are the prime factors of u?
101
Let o = 120 - 126. Let s(k) = -39*k - 3. List the prime factors of s(o).
3, 7, 11
Let x = 59 - 64. What are the prime factors of (-6)/4 - (1915/2)/x?
2, 5, 19
Let r = -4972 - -20587. What are the prime factors of r?
3, 5, 347
Suppose -53 = 5*u - m, -6*m = -3*u - m - 45. Let g(v) = 69*v + 49. Let x be g(-1). What are the prime factors of (-4)/u + (4872/x)/(-6)?
41
Let g = -38228 - -126579. What are the prime factors of g?
53, 1667
Let o be (-16)/28 + -4*22/(-7). List the prime factors of (-36)/48 - (33105/o)/(-5).
19, 29
Let m = -414 + 1115. Let x = -389 + m. List the prime factors of x.
2, 3, 13
Let k = -14627 + 17551. List the prime factors of k.
2, 17, 43
Let g(f) = 4*f**2 - 38*f + 11. Let u be g(18). Let r = -371 + u. What are the prime factors of r?
2, 3, 7
Let k = -60 - -70. Let a(y) = 14*y - 51. Let g be a(k). Let d = -6 + g. List the prime factors of d.
83
Suppose -633819 = -93*f + 52*f. What are the prime factors of f?
3, 5153
Suppose -14*h + 990 - 24 = 0. Suppose 23 = b - 2*r, 3*b = -r - 4*r + h. List the prime factors of b.
23
Suppose 45 = -150*x + 141*x. What are the prime factors of 16960/30 + x/(-3)?
3, 7
Let c(y) = 17*y**2 - 29*y + 1503. List the prime factors of c(37).
3, 7901
Let o be (-9)/(-6)*(5 + -3). Suppose 0 = -o*m + 4*c - 36, 0 = 3*c - 0 - 9. Let q(f) = 2*f + 35. What are the prime factors of q(m)?
19
Let t = 328 - 160. List the prime factors of (-183)/((t/(-40))/7).
5, 61
Let o(n) = -6*n - 37. Let b be o(-6). Suppose -6 = -q - 2*t, -q + 2*t - 3 + 1 = 0. What are the prime factors of (1/b)/q*-122?
61
Let r = -14040 + 23699. List the prime factors of r.
13, 743
Let k = 90 - 82. Let l be (3/(-9))/(4/(-72)). Suppose -l + k = c. List the prime factors of c.
2
Let i be (4/(-14) - 0) + 18/63. Suppose -11*w - 6 + 17 = i. List the prime factors of 250/(2 - w)*10/20.
5
Let l = -379 - -166. Let r = l - -578. What are the prime factors of r?
5, 73
Let a(g) = g**2 + 356. Suppose 5*i - 94 = -94. List the prime factors of a(i).
2, 89
Let f be (-88)/(-6) - (-6)/(-9). Suppose -10 = -4*c - f. Let l(h) = 87*h**2 - h - 1. List the prime factors of l(c).
3, 29
Let q(u) = 163*u + 132. Let m(f) = 487*f + 400. Let p(s) = -2*m(s) + 7*q(s). List the prime factors of p(6).
2, 563
Let a = 11560 + -6712. List the prime factors of a.
2, 3, 101
Suppose 0 = -2*n + 64 - 120. Suppose -3*r + 6*r + 42 = -2*o, -2*r + 2*o = 28. List the prime factors of 4/r - ((-7072)/n)/(-2).
2, 3, 7
Let o(i) = -i + 45. Let b be o(31). List the prime factors of (b/5)/(4/260).
2, 7, 13
Suppose 2*v - 4*k = -2, 3 + 38 = -5*v - 2*k. Let d be (-30)/(-15)*v/2. Let x(r) = r**3 + 6*r**2 - 13*r + 3. List the prime factors of x(d).
3, 5
Let k(z) = -z**3 + 13*z**2 + 7*z + 22. Let n be k(11). Let x = -158 + n. List the prime factors of x.
3, 61
Let p = 5681 + 1113. List the prime factors of p.
2, 43, 79
Suppose 4*p - 236 = -2*d, -5*p + d - 3*d + 293 = 0. Let k be (-2)/12 + 0 + p/18. Suppose k*u + 229 = 4*c, -4*c = -2*u - 0*u - 234. List the prime factors of c.
61
Let h = -77 - -87. List the prime factors of 247 - (h + -6 - -2).
241
Suppose 0 = -2*q - 2, 0 = 3*j - 4*q - 1619 + 211. What are the prime factors of 273884/j - (-4)/(-18)?
3, 5, 13
Let j(q) = -4*q**2 + 21*q - 2. Let b be j(5). What are the prime factors of ((-27)/9)/((-161)/(-54) - b)?
2, 3
Let t(d) be the third derivative of d**5/30 + 11*d**4/24 + 31*d**3/6 - 214*d**2. What are the prime factors of t(21)?
2, 11, 13
Let w be (2 - -1 - 2)/(7/(-70)). List the prime factors of (8 - (-2776)/20)/((-4)/w).
367
Let a = 19805 - 7398. What are the prime factors of a?
19, 653
Suppose -3*h = -t + 6067 + 23149, -3*t = -5*h - 87672. What are the prime factors of t?
2, 47, 311
Let a(g) = 623*g - 4432. List the prime factors of a(22).
2, 4637
Let z = 14208 + -8144. What are the prime factors of z?
2, 379
Suppose -2*d + 38986 + 58193 = -m, 291535 = 6*d - m. List the prime factors of d.
48589
Let c(d) = 35*d**2 + 78*d + 2233. What are the prime factors of c(-27)?
2, 12821
Let q be (435400/(-12))/(-7) + (-8)/(-12). Suppose 25*z = 13*z + q. What are the prime factors of z?
2, 3
Let m = 48368 - 24952. List the prime factors of m.
2, 2927
Let u(o) = -3*o**3 - 16*o**2 + 2*o + 58. List the prime factors of u(-12).
2, 31, 47
Let f = 113 - 108. Suppose -f*z = -2*b + 1283, -12*z + 1275 = 2*b - 9*z. List the prime factors of b.
3, 71
Let t be (-6)/(((-4)/20)/(4/30)). Suppose -i - 3*c = -752 + 255, -i = t*c - 497. List the prime factors of i.
7, 71
Suppose -4*v + 32380 = -5*j, 21*j - 17*j = -v + 8053. What are the prime factors of v?
3, 5, 7, 11
List the prime factors of (-370864)/(-70) + (-148)/2590.
2, 3, 883
Let n = 1222 + -1970. Let d be 10/4*n/(-55). Suppose -3*i - 384 = -3*p, 5*i = -2*p + 187 + d. What are the prime factors of p?
3, 41
What are the prime factors of (2/(-4))/(13/(-154622)) + 3?
2, 5, 7, 17
Suppose 8*n - 12*n = -60. List the prime factors of (-776)/12*n/(-5).
2, 97
Let q be (-145)/(7 + 284/(-40)). Suppose 0 = -3*w + 2*j + q, 4*w - 5*j + 8*j = 1922. What are the prime factors of w?
2, 241
Let y(p) = 39*p**2 + 34*p - 11. Let d(a) = -a**3 + 3*a**2 + 5*a + 1. Let u be d(4). What are the prime factors of y(u)?
2, 3, 7
Suppose 24*i - 5 + 53 = 0. Let k(l) be the second derivative of -21*l**5/20 + l**4/12 - 5*l**3/6 - 5*l**2/2 + 5*l. What are the prime factors of k(i)?
3, 59
Let q(s) = 13*s**2 - s**2 - 7*s**2 + s - 2*s. Suppose 3*n + 8 = 7*n. What are the prime factors of q(n)?
2, 3
Let i be (-676)/(-6) + (-4)/(-3). Let t = 418 - i. List the prime factors of t.
2, 19
Let h = 19371 - 10847. List the prime factors of h.
2, 2131
Let a = -85 + 97. What are the prime factors of a*24 - (-1 + -3 + 7)?
3, 5, 19
Suppose -2*z + 6 = 2*r, -z + 0*r = 2*r - 2. Let d = -2688 + 2916. Suppose c = -x + 3*c + 70, -z*x - 5*c = -d. List the prime factors of x.
2, 31
Suppose 5*g - 3*d - 13467 = 0, -3*d - 12 = -0. What are the prime factors of g?
3, 13, 23
Let v(i) = 12*i + 33. Let j be v(-2). Suppose 0 = -j*m - 0*m + 2403. List the prime factors of m.
3, 89
Suppose -35 + 117 = -2*j. Let x = j + 69. List the prime factors of 8/x + 1002/21.
2, 3
Suppose -6 = -2*t, 4*o + 0*t - 2*t = 14. Suppose -12 = o*s + 38. Let h(w) = -2*w**3 - 20*w**2 - 5*w + 13. What are the prime factors of h(s)?
3, 7
Suppose 1264861 + 459547 = 40*u + 16*u. What are the prime 